actor of 48 and a?
6
Let d be (0 - -4) + 3 + -2. Suppose -d*q = -418 + 118. Suppose 3*i - 3*g = q, -2*i = -4*i - g + 28. What is the highest common divisor of i and 176?
16
Let f be 9*(-1 + -19)/((-46)/115). Calculate the highest common divisor of f and 90.
90
Let o(q) = -q**3 + 10*q**2 + 29*q - 9. Let k be o(8). Calculate the highest common divisor of k and 39.
39
Let k = 33 - 0. Let n(s) = -8*s + 22. Let t be n(-2). Let g be 3 - (-5)/10*t. What is the greatest common factor of k and g?
11
Let v(p) = 101*p**2 + 3*p + 4. Let r be v(-2). Let j = -257 + r. Calculate the highest common factor of 29 and j.
29
Suppose 3*l - 9 = 2*l. Let t = -4 + l. Suppose t*c + 122 - 322 = 0. What is the highest common divisor of 10 and c?
10
Suppose -420 = -5*c - 2*b + 240, 2*c + 5*b = 264. What is the highest common divisor of 858 and c?
66
Suppose 16 = 3*q - 2*o, -3*o - 11 = 8*q - 6*q. Suppose -10*y = -11*y + q. Calculate the highest common divisor of 32 and y.
2
Suppose 12*b - 30*b = -108. Let h = -5 - -8. Let l = 21 + h. Calculate the greatest common divisor of b and l.
6
Suppose 23*s + 528 = 29*s. Calculate the highest common divisor of 154 and s.
22
Let m = -403 - -1051. Suppose -5*z + 2*z + m = 0. What is the highest common factor of 24 and z?
24
Let i(z) = 32*z + 45. Let l be i(9). Suppose 5*x = 3*m + 429, -4*x - 4*m + 3*m = -l. Calculate the greatest common divisor of 21 and x.
21
Let x = 1230 + -1147. Calculate the greatest common factor of x and 664.
83
Let x be ((-28)/(-6))/(4/534). Suppose -x = -4*r + 737. Suppose q - 2*z - 14 = 18, -4*z = q - 38. Calculate the highest common divisor of r and q.
34
Suppose -7*x = -2*x + q + 103, 3*x = 3*q - 69. Let g be 468/(-7) - 5/35. Let j = x - g. What is the greatest common divisor of j and 115?
23
Let k be (-4)/(-8) + (-37)/(-74). Calculate the greatest common divisor of 16 and k.
1
Let x = -18 + 50. Let h = x - 23. Calculate the greatest common factor of h and 81.
9
Suppose 0*r + 9*r - 7 = 56. Let c(o) = 14*o. Let s be c(1). Calculate the greatest common divisor of r and s.
7
Suppose -w = 2*w - 24. Let a be (-12)/28 - w/14. Let x be (-24 - -22) + (a - -9). What is the greatest common divisor of x and 42?
6
Let d(t) = 2*t**2 + 12*t + 41. Let u be d(-9). Calculate the greatest common divisor of u and 5.
5
Suppose 0 = -2*v + 2*u + 22, 2*v - 4*u - 19 = -5. Calculate the greatest common divisor of v and 480.
15
Let v(x) = x**3 - 4*x**2 + 5*x. Let w be v(4). Let r = -51 - -51. Suppose s - 160 = -r*s. Calculate the greatest common factor of s and w.
20
Let s = -69 + 95. What is the greatest common divisor of 286 and s?
26
Suppose 7 = 3*a - 2. Suppose 0 = -a*c + 38 + 46. Calculate the greatest common factor of 4 and c.
4
Suppose 0 = -9*s - 13*s + 924. What is the greatest common factor of s and 378?
42
Suppose 2*o + 2*o = -4*b + 144, 5*o - 2*b = 208. Let m = 976 + -966. What is the greatest common divisor of o and m?
10
Let b(t) = t**2 - 13*t + 3. Let w(r) = 3*r**2 + 2*r + 5. Let s be w(-2). Let k be b(s). What is the greatest common divisor of 15 and k?
3
Suppose -17*j + 3360 = -10*j. Calculate the greatest common factor of 32 and j.
32
Let i = 11 - 4. Suppose q - 16 = i. Suppose v + 7*p = 3*p + q, p = 3. Calculate the greatest common factor of v and 110.
11
Let p = 1995 + -1367. Calculate the greatest common divisor of p and 4.
4
Suppose -3*q - 1120 = -5*z, 0*z = 4*z + 6*q - 896. Calculate the greatest common factor of z and 154.
14
Let m be 224 + (-20 - -8 - -19). Let f = -52 - -73. Calculate the greatest common divisor of m and f.
21
Let a = -102 - -185. Suppose -g = 7 - a. What is the greatest common divisor of g and 57?
19
Let v be -1 - 134/(-10) - (-12)/(-30). Suppose 6*a - v = 5*a. What is the highest common divisor of 60 and a?
12
Let u be -3 - 98*(5 - (-22)/(-4)). Calculate the greatest common divisor of 115 and u.
23
Let t(n) = -8*n + 87. Let f be t(-15). Calculate the highest common divisor of 23 and f.
23
Let p(n) = 11*n - 8. Suppose 1 = 5*j - 64. Let l be p(j). What is the highest common divisor of l and 9?
9
Let w = -657 - -733. Calculate the greatest common factor of w and 646.
38
Let y = -120 + 189. Calculate the highest common divisor of y and 69.
69
Let n = 1204 + -1179. Calculate the greatest common divisor of n and 725.
25
Suppose 5*l = -i - 68, -i + 5*i = -2*l - 38. Let g = 35 + l. Calculate the greatest common factor of g and 2.
2
Let r(y) = -8*y - 41. Let i be r(-7). Suppose -2*j - 3*x + 43 = 0, -2*j + j = -x - 34. Suppose 5 - j = -4*t. Calculate the highest common factor of i and t.
3
Let g(t) be the third derivative of t**5/60 - t**4/12 - 7*t**3/6 - 16*t**2. Let z be g(-5). Calculate the highest common divisor of 196 and z.
28
Let d be (0/(-1))/(1 - 2). Suppose d*a - 7 = -a. Let t = -2790 - -2825. Calculate the highest common divisor of t and a.
7
Let k(x) = x**3 + 19*x**2 + 46*x + 17. Let s be k(-16). What is the greatest common factor of s and 392?
49
Suppose 3*r + 222 = 4*j, -3*j - 2*r = -59 - 99. Suppose -97*y + 99*y - j = 0. What is the greatest common factor of 243 and y?
27
Let x(d) = -4*d**3 - d**2 + 9*d + 8. Let t be x(-3). Calculate the highest common factor of t and 112.
16
Let a(s) = -s**2 + 11*s. Let h be a(8). Let l(q) = q**2 - 28*q + 163. Let i be l(8). What is the highest common divisor of h and i?
3
Let i = 2899 - 2886. Let x(v) = -v**2 - 5*v - 2. Let q be x(-4). Suppose q*r - 176 = 58. What is the highest common factor of r and i?
13
Let t be 3 + 0 - (-2 - -3). Let g(q) = 3*q - 4. Let v be g(t). Suppose -6*x + 128 = -v*x. What is the greatest common factor of x and 48?
16
Let c be 0 + 2 + 2 + 0. Suppose 3 = -5*k + 3*q + 61, c*k - 60 = -q. What is the greatest common divisor of k and 2?
2
Let a be 2 + -16*(-12)/2. Let q = 23 - 38. Let d = q + 29. Calculate the highest common divisor of a and d.
14
Suppose -g + 69 = 4*j, 0 = -3*j - 0*g + 5*g + 69. Suppose 0 = -6*l + 2*l + 180. Calculate the greatest common divisor of l and j.
9
Let i(w) = -w**3 - 18*w**2 - w - 13. Let p be i(-18). Suppose -2*b + 6*b + 3*g = 87, 2*g + 80 = p*b. What is the greatest common factor of 162 and b?
18
Suppose 28*f - 23*f = 150. Let q(x) = -x - x**2 + 2*x**2 + 19*x**2 + 1. Let l be q(1). What is the greatest common factor of l and f?
10
Suppose -9*n - 76 = -634. What is the highest common factor of n and 806?
62
Suppose -18*y + 8 = -16*y. Suppose 0 = h - 5 - y. Calculate the greatest common factor of h and 45.
9
Suppose -t + 2 = 1. Suppose 4*u - 16 = -i, -i = 2*u - 6*u + 24. Calculate the greatest common factor of u and t.
1
Let m = 1 - 0. Let h be -2*(14/(-4) - m). Let v be (-25968)/(-360) - (-4)/(-30). Calculate the highest common divisor of h and v.
9
Suppose 2*w - 2 = -i, -4*w - 3 = 3*i - 7. Suppose -3*p - m + 341 = i, -5*m = 5*p - 3*m - 568. What is the highest common divisor of p and 38?
38
Let n be (-86)/(-7) - (-8)/(-28). Let c(v) = 3*v + 5 - 9 - 5 + 1. Let r be c(n). Calculate the greatest common divisor of 28 and r.
28
Let l be 42039/135 + (-3)/(-5). What is the greatest common divisor of l and 96?
24
Suppose 0 = 2*n - p - 593, -7*n + 5*n - 5*p + 623 = 0. Calculate the highest common factor of 13 and n.
13
Suppose 3*i - 67 = 5*a, 27*i - a = 26*i + 23. What is the highest common divisor of 900 and i?
12
Suppose 3*r - 5*r + 6 = 0, 2*r = 3*i - 6. Suppose i*m + 0 - 8 = 0. Let t = -2895 + 2901. Calculate the greatest common divisor of t and m.
2
Let p be ((-46)/14 + -1)/((-132)/462). Let t = -24 + -22. Let w be t/(-14) - (-10)/(-35). Calculate the highest common factor of w and p.
3
Let o = -74 + 110. Calculate the greatest common divisor of 12 and o.
12
Suppose -4*h = o - 108, -6*h - 332 = -4*o - 2*h. What is the highest common factor of o and 132?
44
Let r = -6 - -11. Suppose k - 4*v + 6*v = 0, 0 = k + r*v + 3. Suppose 13 + 9 = k*h. What is the highest common factor of 77 and h?
11
Let r = 32 - -41. Let c = r + -64. What is the highest common factor of 27 and c?
9
Suppose -5*s - 5*x - 56 - 34 = 0, -30 = 3*s - 5*x. Let b be (69/s + 3)/(2/(-15)). Calculate the highest common factor of b and 36.
12
Let a = 157 + -112. What is the highest common divisor of a and 75?
15
Let v = -767 - -779. Calculate the highest common divisor of v and 20.
4
Let v = -1115 + 1125. Suppose 0 = q - n + 20 - 108, 0